32 + n. List the prime factors of z.
2
Let s(m) be the first derivative of -5 + m + 7/3*m**3 + 0*m**2. List the prime factors of s(1).
2
Let i be (-240)/(-36)*174/8. Suppose 0 = 3*d + 2*d - i. Suppose j = d - 19. What are the prime factors of j?
2, 5
Suppose 3*b + 942 = 5*b. List the prime factors of b.
3, 157
Let u be ((-22)/14 - -2)*7. Suppose -327 = -4*f + 3*d, -u*f - 159 = -5*f + 3*d. What are the prime factors of f?
2, 3, 7
Suppose 3*l = 4*z + 9668, 0 = 3*z - 12. What are the prime factors of l?
2, 3, 269
Suppose 170*f - 151*f - 45752 = 0. List the prime factors of f.
2, 7, 43
Let u(j) = j**3 + 2*j + 3. Let s be u(6). Suppose 3*t - 192 = 3*o, 2*t = -2*t - o + s. What are the prime factors of t?
59
Suppose -5*k + 132 = -43. Suppose -5*w - k = 2*x, -2*w - 6*x + x = 35. Let h(m) = m**2 + 3*m - 3. What are the prime factors of h(w)?
7
List the prime factors of ((-24708)/(-145))/((-6)/(-45)).
2, 3, 71
Suppose 0 = 5*g, 3*b + 33 = 3*g - 0*g. Let a = -3 + -1. Let w = a - b. List the prime factors of w.
7
Suppose d = -4*h + 6*d + 2204, 4*h + 2*d = 2232. Suppose l + 536 = 5*k - 386, -h = -3*k + 2*l. What are the prime factors of k?
2, 23
Suppose -2*l = 13 + 13. Suppose -2*z = 3*h - 4*h - 31, -4*h - 19 = -z. Let k = z - l. List the prime factors of k.
2, 7
Suppose -3*d + 5*j = 2*d - 320, -3*j = 3*d - 168. Let f = d - -34. What are the prime factors of f?
2, 47
Let k = 94 + 364. List the prime factors of k.
2, 229
Suppose 8*n - 2 - 22 = 0. Suppose 0 = -g + 2*y + 3*y + 217, 5*g - 997 = n*y. What are the prime factors of g?
197
Let r = -143 + 415. Suppose -r + 1052 = 4*z. Suppose -3*a = -3*x + z, -2*a - 14 = -4. What are the prime factors of x?
2, 3, 5
Let l be (225/10)/3*-4. Let y = 11 - l. What are the prime factors of y?
41
Suppose -415*w = -419*w + 484. What are the prime factors of w?
11
Suppose 0 = -5*f + 12 + 458. Suppose 4*s + 58 = -k - 5, 252 = -4*k - 3*s. Let b = k + f. What are the prime factors of b?
31
Suppose -6*c + 7*c + 2*o = 56, -2*o = -5*c + 244. What are the prime factors of c?
2, 5
Let z = -18 + 18. Suppose z = -3*n + 2*n - 20. Let v = -6 - n. What are the prime factors of v?
2, 7
Suppose 3*y = -5*j + 2423, y = 8*j - 6*j - 978. List the prime factors of j.
487
Suppose -34*b + 7130 = -10. List the prime factors of b.
2, 3, 5, 7
Suppose -4*q - 5*d = -85, 5*d + 43 = 3*q - 12. Let t be -10*(912/q)/6. Let z = t - -110. List the prime factors of z.
2, 17
Let h(q) = q**2 - 19*q + 26. What are the prime factors of h(23)?
2, 59
Let j be 3 + 20 - (-1 + 0). Let z be 1/(-2) + 5772/j. Suppose -95 - z = -5*m. List the prime factors of m.
67
Suppose o = 5*o. Suppose -2*h + 7*h + 125 = o. Let y = 4 - h. What are the prime factors of y?
29
Let a = -2259 - -7911. What are the prime factors of a?
2, 3, 157
List the prime factors of (70/(-4))/7*-64*3.
2, 3, 5
Let k = -8 + 22. Suppose -17*f + 3 = -k*f. List the prime factors of (37*(2 - 1))/f.
37
What are the prime factors of (23366/21)/((-3)/(-9))?
2, 1669
What are the prime factors of 46/(-8)*(-181 - (9 - 2))?
23, 47
Suppose 3*x - 7 = -1. Suppose -2*i = 0, -c + x*i + 77 = i. What are the prime factors of c?
7, 11
Suppose 0 = -3*a + 9. Suppose 0 = -a*r - 69 - 30. List the prime factors of 74/6 - 22/r.
13
Suppose -7*x + 15 = -2*x, 36 = 3*s - 3*x. Suppose -s = 4*r + 3*w + 17, -4*r + 2*w = 52. Let g = 2 - r. List the prime factors of g.
13
Let l be -1 - -2*(-6)/(-4). Suppose -i + 3*i + 4 = 4*q, l*i - 5*q = -5. Suppose i = -0*d - 4*d + 60. What are the prime factors of d?
3, 5
Suppose -a + 2*a - 4*y - 23 = 0, 3*y = -15. Suppose -a*m = -4*m + 5. What are the prime factors of (-6)/m*(-160)/24?
2
Let u be 40/22 - 8/(-44). Suppose -u*h = -5*h + 222. What are the prime factors of h?
2, 37
Let z(w) = 2*w - 3. Let o be z(2). Let q be (-1)/(o/64) + -4. Let r = q - -119. List the prime factors of r.
3, 17
Let b = -1573 + 6006. List the prime factors of b.
11, 13, 31
Let y = 3673 - 2451. List the prime factors of y.
2, 13, 47
Let p be 1/(3 + -4) + -99. Let h = -68 - p. Suppose -f = -14 - h. List the prime factors of f.
2, 23
Let g = 194 - 117. Let h = 25 + g. List the prime factors of h.
2, 3, 17
Let i(p) = -p**2 - 2*p + 56. Let g be i(0). Suppose -5*y - g + 330 = 2*r, -2*r + 4 = 0. What are the prime factors of y?
2, 3
Let l be 6664/30 + (-16)/120. Suppose -2*o - 19 = j - 109, -5*o - j + l = 0. List the prime factors of o.
2, 11
Let n = 985 - 578. List the prime factors of n.
11, 37
Let n(y) = 15*y + 4. Let f(d) = -1. Let h(p) = 3*f(p) + n(p). What are the prime factors of h(5)?
2, 19
Let w = 408 - 42. What are the prime factors of w?
2, 3, 61
Suppose -5*b = -4*t, 3*t = -2*b - 0*b + 23. Suppose 29 - 4 = t*m. Suppose -80 = d - m*d. What are the prime factors of d?
2, 5
Suppose -4*a + 4*f + 50 = -a, 2*a = -4*f. Let y(d) be the first derivative of -d**3/3 + 8*d**2 - 23*d + 372. What are the prime factors of y(a)?
37
Let v(c) = 262*c**2 - c. List the prime factors of v(-1).
263
Let k = -322 - -613. List the prime factors of k.
3, 97
Let t(u) = -u**3 + 12*u**2 + u + 9. Let y be t(12). Let p = y - -30. Suppose -2*q + 5*q = p. List the prime factors of q.
17
Suppose 0 = 3*i + 9, 2*p + 3*i + 313 = 4*p. Let q = -89 + p. List the prime factors of q.
3, 7
Let q(u) = 2*u**3 - 6*u**2 + 4*u - 3. Let z = 27 - 23. What are the prime factors of q(z)?
3, 5
Let h(i) = 3*i + 4. Let f be h(-4). Let m(z) be the first derivative of z**3/3 + 7*z**2/2 + z + 38. What are the prime factors of m(f)?
3
Let b = -12 - 6. Suppose 3*n + 4*a = -110 + 280, -n + 3*a + 48 = 0. Let o = n + b. List the prime factors of o.
2, 3
What are the prime factors of (-11)/((-110)/11680) - 6?
2, 7, 83
Let f(g) = 5*g**3 + 9*g**2 + 4*g - 2. Let d(z) = 5*z**3 + 8*z**2 + 3*z - 3. Let u(n) = -4*d(n) + 3*f(n). List the prime factors of u(-3).
2, 3
Suppose -102 = -4*i - 2*f, -2*i - f - f = -56. Suppose -i*d - 168 = -26*d. What are the prime factors of d?
2, 7
Let w be 6*1/(18/120). Suppose 5*o - w = -15. What are the prime factors of o?
5
Suppose -26*f + 48167 - 3291 = 0. What are the prime factors of f?
2, 863
Let r be 923/(-104) + (-3)/24. Let p be ((-1)/(-1))/(-1) - 18. Let t = r - p. List the prime factors of t.
2, 5
Suppose w + 1 = 25. Let k be (6/(-4))/((-9)/w). Suppose 0 = k*d - 64 - 72. List the prime factors of d.
2, 17
Let g = -434 - -653. Suppose -g + 43 = -4*q. List the prime factors of 5/(q/20 - 2).
5
Let h be ((-414)/10)/((-33)/110). Suppose 2 = 2*f - h. List the prime factors of f.
2, 5, 7
Let c = 2689 + -1888. What are the prime factors of c?
3, 89
Let p = 108 + -105. Suppose -p*t - 3*z + 357 = 0, 3*t - 3*z - 619 = -2*t. What are the prime factors of t?
2, 61
Suppose 2*l + f = 6*f + 47, l - 21 = 5*f. What are the prime factors of l*2*(-25)/(-20)?
5, 13
Let w(o) = -o**3 - 4*o**2 + 2*o - 9. Let b be w(-5). Let k be 12/b + 2 + 0. Suppose 74 = k*n + 14. List the prime factors of n.
3, 5
Let b be (340/(-30))/(4/6). Let p = b - -55. List the prime factors of p.
2, 19
Suppose -8398 = 8*y - 21*y. Suppose -5*k - 2*z + y = 0, 0*z = -2*k - 5*z + 271. What are the prime factors of k?
2
Let c(m) = 8 - 16*m + 10*m**2 + 8 - 9 + 3. List the prime factors of c(5).
2, 3, 5
Let t(c) be the second derivative of 7*c**3/6 + c**2/2 + c. Let s(a) = 19*a**3 + 56*a**2 - 4*a - 2. Let y be s(-3). What are the prime factors of t(y)?
2
Let h = -46 + 49. Suppose 6*w - 4*w + 2*q = 120, h*q = 5*w - 332. What are the prime factors of w?
2
Let r(w) = 19*w + 276. What are the prime factors of r(34)?
2, 461
Suppose 0 = -5*h - 3*o + 23, -4*o - 12 = -4*h. Suppose 0*q - 9 = -3*q. Suppose -89 = -5*w - h*b, -q*w + 22 = -w + 5*b. What are the prime factors of w?
3, 7
Let f(k) = 2*k. Let j be 9/2*(-12)/(-27). Let v be f(j). Suppose -4*w + v*l + 39 + 1 = 0, 4*w - 5*l - 35 = 0. List the prime factors of w.
3, 5
Let f(n) = 8*n**2 - 14*n + 4. Let p(m) = -m**3 - m. Suppose -2*l + 3 - 1 = 0. Let x(w) = l*p(w) - f(w). What are the prime factors of x(-10)?
2, 3, 11
Suppose -r - 5*l = -1740, 0 = 2*r + 5*l - 2118 - 1372. What are the prime factors of r?
2, 5, 7
Let t(r) be the third derivative of -r**4/4 + 4*r**3/3 + 2*r**2. Let x = 402 - 405. List the prime factors of t(x).
2, 13
Let d(i) = 18*i**2 + i - 1. Let u be d(-2). Let v = -48 + u. What are the prime factors of v?
3, 7
List the prime factors of